factors of o.
11
Suppose 16*f - 19*f = -816. List the prime factors of f.
2, 17
Let o = 9 + -7. Suppose 0 = 5*q - 3*a - 26, -4*q + 37 = o*a + a. What are the prime factors of q?
7
Let y(f) = f**3 + 3*f**2 + 3*f + 2. Let c be y(-2). Suppose c = 2*w - 3*w + 24. What are the prime factors of w?
2, 3
Suppose 9*n + 92 - 2135 = 0. What are the prime factors of n?
227
Suppose l - 2*p = 372, -593 = -5*l - 5*p + 1342. List the prime factors of l.
2, 191
Let m = 5 - -2. Suppose 0 = -m*l + 2*l. Suppose 5*n - 4*n - 9 = l. List the prime factors of n.
3
Let l(z) = -z**2 - 2*z - 2. Let m be l(-2). Let i be 11*3*(m + 3). Let y = i - 23. List the prime factors of y.
2, 5
Let i(r) = -r**3 - 4*r**2 + 5*r + 5. Let s be i(-5). Suppose 4*z - 103 = 2*z + q, -257 = -s*z + 2*q. List the prime factors of z.
3, 17
Suppose 9*j = 7*j + 64. What are the prime factors of j?
2
Suppose -3*j = -8*j + 120. Let v = j + -12. What are the prime factors of v?
2, 3
Suppose 4*r - 48 = 224. What are the prime factors of r?
2, 17
Let h(g) = -g**3 + 4*g**2 + 6*g - 2. Let x be h(5). Suppose -5*a = -5*f + 25, f + x*a = -2*f + 3. Suppose -m + 44 = f*m. List the prime factors of m.
11
What are the prime factors of 151 + 0 + -3 - -2?
2, 3, 5
Suppose -5*r = -53 - 72. What are the prime factors of r?
5
Suppose p + 1 = -2*b, 0 = 3*p - 5*b - 2 - 17. Let h = 12 + p. What are the prime factors of h?
3, 5
Suppose 8*o = 4*o + 136. Suppose 0*y + 2*u - o = y, y + 2*u + 50 = 0. What are the prime factors of (-20)/8*y/5?
3, 7
Let r(i) = -7*i - 1. List the prime factors of r(-2).
13
Let q = -1 + 1. What are the prime factors of q - (-72)/((-2)/(-1))?
2, 3
List the prime factors of (392/2)/4 - -4.
53
Let v = -4 + 10. Let r(l) = -l**2 + 8*l - 8. What are the prime factors of r(v)?
2
Suppose 0*t = -3*t + 12. Suppose 60 = t*p - 12. What are the prime factors of p?
2, 3
Suppose -2*o - 4*n - 6 = 0, 3 = 3*o - n - 2. Let w be -7 - 0*o/(-3). List the prime factors of 2 + -3 + w/(-1).
2, 3
Let j = 18 + -13. Suppose -4*l + 3 = -3*s, 0*l - 4*l - s = 17. Let d = l + j. What are the prime factors of d?
2
What are the prime factors of 2363/9 - 104/(-234)?
263
Let z = -3 + -3. Let t be z/(-15)*(-1 + 11). Suppose t*y - 9*y - 5*k + 25 = 0, -5*y - k + 37 = 0. List the prime factors of y.
2
What are the prime factors of 10/(-4)*11/((-66)/156)?
5, 13
Let z(m) = -2*m**2 + 3*m + 1. Let a(t) = -9*t**2 + 13*t + 4. Let k(s) = -6*a(s) + 26*z(s). Let f be k(3). Let j = f - 0. List the prime factors of j.
2, 5
What are the prime factors of (36/(-8))/(((-9)/(-6))/(-3))?
3
Suppose -8*b - 8 = 4*r - 4*b, r - 28 = 5*b. Suppose 0 = -r*d + 2*v + 55, 0 = 3*d + 3*v - 0*v - 60. List the prime factors of d.
19
Let p = -17 - -21. Suppose 0 = t + p - 7. What are the prime factors of t?
3
Suppose -5*q - 153 = -2*c, c = -5*q - 13 + 52. What are the prime factors of c?
2
Let i(u) = u + 32. Let a be i(0). Suppose p = 5*p + 3*d - 17, -3*p - d = -14. Suppose k - p*k = -a. What are the prime factors of k?
2
Suppose 3*t = -9, -4*t - 12 = -2*z + 5*z. Suppose z*p - 4*p - 5*v - 41 = 0, -47 = 4*p + 3*v. List the prime factors of 2 + -1 - (p + 4).
11
Suppose 33 = -0*b + b. List the prime factors of b.
3, 11
Let b(l) = -l**2 - 3*l - 3. Let h be b(-3). Let g = 7 + h. Suppose p = -5*k + 3*p + 27, 4*p = -g. What are the prime factors of k?
5
Let z be 1/1 - (-2 - 93). Suppose 4*s + 38 = d + 10, 2*d + 2*s = z. Suppose -3*l - f + 19 = l, 4*l - 4*f - d = 0. List the prime factors of l.
2, 3
Suppose 17 = 3*s - 2*a, -2*s - 14 = -5*s - a. Suppose s*f - 58 = 62. What are the prime factors of f?
2, 3
List the prime factors of ((-15)/(-2))/(1/2).
3, 5
Suppose 4*w - 58 = -i + 82, 4*i + 3*w = 612. List the prime factors of i.
2, 3, 13
Let b = -142 + 237. Suppose 5*u - 136 + 31 = 5*c, -5*c = 5*u - b. What are the prime factors of u?
2, 5
Let u(w) be the first derivative of w**3/3 - 11*w**2/2 + 6*w - 4. List the prime factors of u(11).
2, 3
Let r = -200 - -436. What are the prime factors of r?
2, 59
List the prime factors of 8*(1 - (1 + -4)).
2
Let k = 6 - 2. List the prime factors of 123/(4 - 1) - k.
37
What are the prime factors of -3*295/(-10)*2/3?
59
Let l(q) = -q**3 - 8*q**2 + 6*q - 10. Suppose -5*v = 23 + 22. List the prime factors of l(v).
17
Let a be -1*(-6)/2*1. Let x = 3 + a. Suppose -3*i + x*i - 24 = 0. What are the prime factors of i?
2
Let i(p) = -p**2 + p + 6. Let l be i(0). Suppose l*h - 2*h - 96 = 0. What are the prime factors of h?
2, 3
Let l(d) = -d - 8. What are the prime factors of l(-13)?
5
Suppose 75 = 5*j - 5*p, -j + 2*p - 7 = -27. List the prime factors of j.
2, 5
Let r = -20 - -45. What are the prime factors of r?
5
Let r be (-1)/(-3) - (-210)/18. Suppose 4*h - r - 4 = 0. Suppose -l = -h*l + 6. What are the prime factors of l?
2
Let a(k) = k**2 + 1. Let v(i) = -8 + 2*i**2 - 6*i**2 + 0*i**2 + 3*i. Let w(n) = -3*a(n) - v(n). List the prime factors of w(4).
3
Let x(i) = i**3 - i**2 + i + 5. Let z be x(0). Suppose -3*w + 2*k + 8 = w, 4*w + z*k - 22 = 0. What are the prime factors of w?
3
Let a(o) = o**2 - 4*o + 6. Let d be a(4). Let u(m) = m**2 - 6*m + 4. List the prime factors of u(d).
2
Let x(f) be the third derivative of 0*f - 1/12*f**4 - 1/3*f**3 - 3*f**2 + 0. List the prime factors of x(-2).
2
Let g(p) = p**3 - 2*p**2 + 2*p - 2. Let u(v) be the first derivative of v**2/2 - 1. Let b be u(2). What are the prime factors of g(b)?
2
Let b = 14 + -19. Let f(j) = j**3 + 6*j**2 + 2*j - 6. What are the prime factors of f(b)?
3
Let y be 1/4 + 597/12. Suppose l - 6*l + y = 0. What are the prime factors of l?
2, 5
What are the prime factors of (-225)/(-10)*(-16)/(-10)?
2, 3
Suppose 4*k = -8 + 140. List the prime factors of k.
3, 11
Let o(j) = -j**2 - 6*j - 3. Let r be o(-5). Let n(m) = -1 - m + r*m**3 + 5*m**2 - m**3 + 0*m**2. What are the prime factors of n(-5)?
2
Let d(b) = -b**3 + 4*b**2 - b - 1. Let v be d(3). Suppose -2*l - 174 = -5*u - 42, v = -5*l. What are the prime factors of u?
2, 13
List the prime factors of (2/(-4))/(3/(-54)).
3
Let a be (-5)/(10/(-64)) + -2. Let u = 42 - a. List the prime factors of u.
2, 3
Let c be 0 - (-2 - (9 - -2)). Let k = -9 + c. What are the prime factors of k?
2
Suppose 6*r - 16 = 8. Let x(g) be the second derivative of g**5/20 - g**4/6 - g**3 + g**2/2 - g. What are the prime factors of x(r)?
3
Suppose -2*a - 1 + 5 = 5*t, -2*a = -3*t - 4. Suppose -3*o = -2*c - 3, -3 = c - 5*o + 2. Suppose c*q + 5*q - 45 = t. List the prime factors of q.
3
Let m(n) be the first derivative of -n**3/3 - 5*n**2/2 + 5*n - 1. What are the prime factors of m(-4)?
3
Suppose o + 0 = 2*z + 9, 2*z + 14 = 2*o. Let p be 1 - (-5)/(o/2). Suppose -p*r + 12 = -3. List the prime factors of r.
5
Suppose 2*z - z = 0. Suppose -4*y + z = -16. List the prime factors of y.
2
Suppose -3*r = -y - 209 - 439, -2*r = y - 437. List the prime factors of r.
7, 31
Let y(x) = -x + 5 - 2*x + 5*x. Let r be y(7). Suppose 2*c - r = j, 2*j + 5 = j. What are the prime factors of c?
7
Suppose -2*w = -3*u + 2*w + 89, 3*u + 5*w = 98. What are the prime factors of u?
31
Let f be (810/35)/((-6)/(-56)). List the prime factors of f/12 - 6/(-2).
3, 7
Suppose -5*k + 27 - 132 = 0. Let w = 32 + k. What are the prime factors of w?
11
Suppose -m + 6*m - 1955 = 0. List the prime factors of m.
17, 23
Suppose -c - 5 - 8 = -3*t, 5*c = -2*t - 14. Let j be 10*(-3 + 1)*-1. Suppose u - j = -t*u. List the prime factors of u.
5
Let s be (-2 + -4)*2/(-4). Let o(r) = 5*r**2 + 0 - 1 + 7*r - r**s - 1 + 3. What are the prime factors of o(6)?
7
Let b be (-100)/(-15)*3/2. Let l = b - 6. Suppose 16 = -l*s, 2*z - s + 12 = -5*s. List the prime factors of z.
2
Let c(a) = -a**2 + a + 28. List the prime factors of c(0).
2, 7
Suppose g + 104 = 3*g. Let l = g - 33. Let v = -13 + l. List the prime factors of v.
2, 3
Let z = 306 + -213. What are the prime factors of z?
3, 31
Suppose 25 = 4*i - 3. List the prime factors of i.
7
Let q(d) = d**3 + 4*d**2 - 5*d + 5. Let o = -5 - 0. What are the prime factors of q(o)?
5
Let d = 72 - -7. Let l = -39 + d. List the prime factors of l.
2, 5
Suppose -c + 3*c = -10. Let n be (c - -1)/(4 + -5). Suppose q = -5*h - 4*q - 10, n*q = -20. List the prime factors of h.
3
Let r(f) = f**2 - 21*f - 8. Let c be r(13). Let s be 2/6 + (-67)/3. What are the prime factors of 4/s + c/(-11)?
